508490?
True
Does 39 divide 25155?
True
Is 143 a factor of 18176444?
True
Is 3999991 a multiple of 8?
False
Is 4188068 a multiple of 687?
False
Does 10 divide 7269552?
False
Does 10 divide 3641390?
True
Is 745524 a multiple of 108?
True
Does 44 divide 42284?
True
Does 155 divide 151280?
True
Is 137 a factor of 9358881?
True
Does 19 divide 3540959?
False
Does 9 divide 31446?
True
Is 60 a factor of 224374?
False
Is 26 a factor of 8225510?
False
Does 713 divide 790717?
True
Is 14 a factor of 159529?
False
Is 1375685 a multiple of 365?
True
Is 244 a factor of 2517852?
False
Is 132 a factor of 778137?
False
Is 516852 a multiple of 21?
True
Does 355 divide 12633385?
True
Is 7186168 a multiple of 44?
True
Is 16 a factor of 9221536?
True
Is 107025 a multiple of 6?
False
Does 468 divide 2389140?
True
Is 540484 a multiple of 97?
True
Is 11903372 a multiple of 36?
False
Is 367992 a multiple of 4?
True
Is 22 a factor of 52382?
True
Does 654 divide 430986?
True
Is 1009053 a multiple of 686?
False
Does 12 divide 1013373?
False
Does 22 divide 674571?
False
Is 197964 a multiple of 11?
False
Is 3 a factor of 1643776?
False
Is 680189 a multiple of 258?
False
Is 97 a factor of 32786?
True
Is 4371984 a multiple of 939?
True
Is 13 a factor of 8424?
True
Is 45 a factor of 22214?
False
Does 103 divide 132307?
False
Is 83 a factor of 26740027?
True
Does 21 divide 734454?
True
Does 404 divide 221948?
False
Does 5 divide 47380?
True
Is 2252000 a multiple of 179?
False
Does 19 divide 3115505?
False
Is 33323 a multiple of 47?
True
Is 2941566 a multiple of 1042?
True
Is 47 a factor of 961782?
False
Does 21 divide 92569?
False
Does 88 divide 358091?
False
Is 1781817 a multiple of 17?
False
Is 274533 a multiple of 51?
True
Is 5 a factor of 176383?
False
Does 4 divide 8816129?
False
Does 19 divide 557313?
False
Is 2744964 a multiple of 9?
True
Is 19 a factor of 1668656?
True
Does 7 divide 307094?
False
Is 5647935 a multiple of 5?
True
Does 18 divide 881748?
True
Is 41 a factor of 946757?
False
Does 103 divide 840686?
True
Does 138 divide 92067?
False
Is 7 a factor of 1922907?
True
Does 440 divide 30360?
True
Is 32 a factor of 29216?
True
Is 14 a factor of 6833274?
True
Does 307 divide 1734550?
True
Is 45 a factor of 313065?
True
Does 19 divide 2366108?
True
Is 2068505 a multiple of 16?
False
Is 190 a factor of 1728050?
True
Does 23 divide 25346?
True
Does 34 divide 376992?
True
Is 157802 a multiple of 56?
False
Is 8 a factor of 2727053?
False
Does 67 divide 8710?
True
Is 26 a factor of 29729?
False
Is 13328 a multiple of 17?
True
Does 56 divide 358736?
True
Does 12 divide 4510212?
True
Is 75596 a multiple of 5?
False
Is 457 a factor of 559825?
True
Is 87 a factor of 402980?
False
Is 723220 a multiple of 10?
True
Is 26 a factor of 275704?
True
Does 84 divide 850248?
True
Does 19 divide 129846?
True
Is 121985 a multiple of 165?
False
Is 5233058 a multiple of 284?
False
Is 146585 a multiple of 131?
False
Does 544 divide 205164?
False
Is 94 a factor of 177284?
True
Is 129 a factor of 8772987?
False
Is 9609129 a multiple of 104?
False
Is 387 a factor of 1273461?
False
Is 235560 a multiple of 13?
True
Is 677692 a multiple of 197?
False
Does 17 divide 497238?
False
Does 44 divide 8902152?
False
Is 10710 a multiple of 19?
False
Is 22 a factor of 364122?
True
Does 54 divide 1282489?
False
Does 215 divide 133541?
False
Is 12499913 a multiple of 6?
False
Does 15 divide 248820?
True
Is 952750 a multiple of 370?
True
Is 94666 even?
True
Does 9 divide 14646769?
False
Is 753000 a multiple of 120?
True
Does 7 divide 151776?
False
Does 1202 divide 3357186?
True
Is 58 a factor of 1617495?
False
Is 835461 a multiple of 11?
True
Does 2016 divide 30685757?
False
Is 32812 a multiple of 26?
True
Is 284 a factor of 180056?
True
Is 607 a factor of 773318?
True
Does 447 divide 65703?
False
Is 60 a factor of 2611800?
True
Does 102 divide 113757?
False
Is 3 a factor of 27047?
False
Is 4719653 a multiple of 1232?
False
Is 13 a factor of 6747803?
False
Does 11 divide 2828763?
False
Is 47 a factor of 22739400?
False
Is 5948949 a multiple of 80?
False
Is 55 a factor of 160325?
True
Does 10 divide 180030?
True
Does 417 divide 10440846?
True
Does 3 divide 21452?
False
Does 17 divide 69377?
True
Is 3639504 a multiple of 24?
True
Is 403131 a multiple of 249?
True
Does 381 divide 12865452?
False
Does 15 divide 167940?
True
Is 135 a factor of 76680?
True
Is 9 a factor of 133521?
False
Does 161 divide 480102?
True
Is 261888 a multiple of 66?
True
Is 12 a factor of 79524?
True
Does 22 divide 77196?
False
Does 119 divide 257118?
False
Is 39 a factor of 527152?
False
Is 3 a factor of 35142?
True
Is 191429 a multiple of 202?
False
Is 2062077 a multiple of 36?
False
Is 243 a factor of 294273?
True
Is 44 a factor of 5412?
True
Does 116 divide 916577?
False
Does 47 divide 130462?
False
Is 5320 a multiple of 2?
True
Does 21 divide 2358678?
True
Is 1764268 a multiple of 101?
True
Does 6 divide 35288?
False
Is 24 a factor of 7704126?
False
Does 390 divide 369036?
False
Is 248204 a multiple of 22?
True
Is 4493712 a multiple of 3?
True
Does 45 divide 186165?
True
Does 139 divide 397152?
False
Is 65 a factor of 29380?
True
Is 22 a factor of 1419506?
True
Is 106210 a multiple of 31?
False
Is 225 a factor of 114994?
False
Does 100 divide 5600?
True
Is 518830 a multiple of 10?
True
Is 65268 a multiple of 49?
True
Is 69838 a multiple of 182?
False
Is 57 a factor of 5991555?
True
Does 305 divide 743590?
True
Is 42540 a multiple of 32?
False
Is 371 a factor of 538778?
False
Is 33 a factor of 2775505?
False
Does 18 divide 15726143?
False
Is 898834 a multiple of 63?
False
Does 8 divide 16316?
False
Does 2 divide 367234?
True
Does 8 divide 2664456?
True
Does 991 divide 1923912?
False
Is 1259910 a multiple of 274?
False
Is 152 a factor of 120143?
False
Does 16 divide 3315043?
False
Is 2217 a factor of 19462135?
False
Is 325 a factor of 614900?
True
Is 59 a factor of 1425204?
True
Is 9405 a multiple of 285?
True
Is 54964 a multiple of 604?
True
Does 771 divide 6465112?
False
Does 310 divide 2229520?
True
Is 150 a factor of 1212635?
False
Is 1238105 even?
False
Does 59 divide 126909?
True
Does 9 divide 19583634?
False
Does 2 divide 1407?
False
Is 120 a factor of 202920?
True
Is 203 a factor of 16620828?
True
Is 90412 a multiple of 13?
False
Is 248 a factor of 1572938?
False
Is 27 a factor of 101277?
True
Is 31 a factor of 292948?
False
Does 18 divide 1453888?
False
Is 41 a factor of 490369?
False
Does 384 divide 898176?
True
Does 490 divide 203350?
True
Is 2104377 a multiple of 43?
True
Is 58 a factor of 301136?
True
Is 2890443 a multiple of 195?
False
Does 18 divide 8441537?
False
Is 493 a factor of 38454?
True
Is 19030 a multiple of 22?
True
Does 19 divide 926250?
True
Does 87 divide 496901?
False
Is 286118 a multiple of 48?
False
Does 61 divide 15702912?
False
Does 303 divide 2365740?
False
Is 45 a factor of 1393920?
True
Is 16 a factor of 20988?
False
Is 112 a factor of 4474512?
True
Is 4753721 a multiple of 349?
False
Does 282 divide 20865?
False
Does 7 divide 2274958?
True
Is 6 a factor of 77602?
False
Does 41 divide 41589?
False
Is 2 a factor of 1446354?
True
Is 100 a factor of 165200?
True
Is 194704 a multiple of 17?
False
Is 211 a factor of 956674?
True
Does 397 divide 1231747?
False
Is 1818112 a multiple of 16?
True
Is 406 a factor of 3903852?
False
Is 557080 a multiple of 5?
True
Does 548 divide 643900?
True
Does 565 divide 390415?
True
Does 3 divide 626133?
True
Is 620925 a multiple of 75?
True
Is 31500 a multiple of 2?
True
Is 627 a factor of 104583?
False
Does 113 divide 4171282?
True
Does 454 divide 8640074?
True
Is 207 a factor of 367137?
False
Is 26 a factor of 179581?
False
Is 122785 a multiple of 15?
False
Does 132 divide 143695?
False
Is 20817 a multiple of 89?
False
Does 12 divide 26664?
True
Is 36 a factor of 98352?
True
Is 416941 a multiple of 889?
True
Is 8 a factor of 410806?
False
Is 3802958 a multiple of 23?
True
Is 2011335 a multiple of 383?
False
Does 823 divide 5276253?
True
Is 149 a factor of 139112?
False
Does 17 divide 177966?
False
Is 1394627 a multiple of 13?
True
Is 35 a factor of 810599?
False
Does 126 divide 19338?
False
Is 325280 a multiple of 1034?
False
Does 61 divide 936167?
True
Does 16 div